{"id":29,"date":"2023-09-30T15:42:20","date_gmt":"2023-09-30T13:42:20","guid":{"rendered":"https:\/\/avicole-pure-race.fr\/?page_id=29"},"modified":"2023-12-17T18:59:09","modified_gmt":"2023-12-17T17:59:09","slug":"nos-eleveurs","status":"publish","type":"page","link":"https:\/\/avicole-pure-race.fr\/index.php\/nos-eleveurs\/","title":{"rendered":"Nos \u00e9leveurs"},"content":{"rendered":"\t\t<div data-elementor-type=\"wp-page\" data-elementor-id=\"29\" class=\"elementor elementor-29\">\n\t\t\t\t<div class=\"elementor-element elementor-element-c5a33d8 e-flex e-con-boxed e-con e-parent\" data-id=\"c5a33d8\" data-element_type=\"container\" data-e-type=\"container\" data-settings=\"{&quot;background_background&quot;:&quot;classic&quot;}\">\n\t\t\t\t\t<div class=\"e-con-inner\">\n\t\t\t\t<div class=\"elementor-element elementor-element-eceb2f1 elementor-widget elementor-widget-heading\" data-id=\"eceb2f1\" data-element_type=\"widget\" data-e-type=\"widget\" data-widget_type=\"heading.default\">\n\t\t\t\t<div class=\"elementor-widget-container\">\n\t\t\t\t\t<h2 class=\"elementor-heading-title elementor-size-default\">Nos \u00e9leveurs<\/h2>\t\t\t\t<\/div>\n\t\t\t\t<\/div>\n\t\t\t\t\t<\/div>\n\t\t\t\t<\/div>\n\t\t<div class=\"elementor-element elementor-element-76d8b8f e-flex e-con-boxed e-con e-parent\" data-id=\"76d8b8f\" data-element_type=\"container\" data-e-type=\"container\">\n\t\t\t\t\t<div class=\"e-con-inner\">\n\t\t\t\t<div class=\"elementor-element elementor-element-ab2e402 elementor-widget elementor-widget-spacer\" data-id=\"ab2e402\" data-element_type=\"widget\" data-e-type=\"widget\" data-widget_type=\"spacer.default\">\n\t\t\t\t<div class=\"elementor-widget-container\">\n\t\t\t\t\t\t\t<div class=\"elementor-spacer\">\n\t\t\t<div class=\"elementor-spacer-inner\"><\/div>\n\t\t<\/div>\n\t\t\t\t\t\t<\/div>\n\t\t\t\t<\/div>\n\t\t\t\t\t<\/div>\n\t\t\t\t<\/div>\n\t\t<div class=\"elementor-element elementor-element-388bb46 e-con-full e-flex e-con e-parent\" data-id=\"388bb46\" data-element_type=\"container\" data-e-type=\"container\">\n\t\t<div class=\"elementor-element elementor-element-599d235 e-con-full e-flex e-con e-child\" data-id=\"599d235\" data-element_type=\"container\" data-e-type=\"container\">\n\t\t\t\t<div class=\"elementor-element elementor-element-22bac89 elementor-widget elementor-widget-text-editor\" data-id=\"22bac89\" data-element_type=\"widget\" data-e-type=\"widget\" data-widget_type=\"text-editor.default\">\n\t\t\t\t<div class=\"elementor-widget-container\">\n\t\t\t\t\t\t\t\t\t<p><b>Jean-Paul Chatelin<\/b><br \/>59146 Pecquencourt<br \/>pureracepecquencourt@gmail.com<\/p>\t\t\t\t\t\t\t\t<\/div>\n\t\t\t\t<\/div>\n\t\t\t\t<\/div>\n\t\t<div class=\"elementor-element elementor-element-f2dc3d2 e-con-full e-flex e-con e-child\" data-id=\"f2dc3d2\" data-element_type=\"container\" data-e-type=\"container\">\n\t\t\t\t<div class=\"elementor-element elementor-element-4167955 elementor-widget elementor-widget-text-editor\" data-id=\"4167955\" data-element_type=\"widget\" data-e-type=\"widget\" data-widget_type=\"text-editor.default\">\n\t\t\t\t<div class=\"elementor-widget-container\">\n\t\t\t\t\t\t\t\t\t<ul><li>Volailles: Brahma, Croad Langshan<\/li><li>Pigeons: Boulant Lillois, Boulant Brunner<\/li><\/ul>\t\t\t\t\t\t\t\t<\/div>\n\t\t\t\t<\/div>\n\t\t\t\t<\/div>\n\t\t\t\t<\/div>\n\t\t<div class=\"elementor-element elementor-element-99b56f6 e-con-full e-flex e-con e-parent\" data-id=\"99b56f6\" data-element_type=\"container\" data-e-type=\"container\">\n\t\t<div class=\"elementor-element elementor-element-56c2124 e-con-full e-flex e-con e-child\" data-id=\"56c2124\" data-element_type=\"container\" data-e-type=\"container\">\n\t\t\t\t<div class=\"elementor-element elementor-element-07691b9 elementor-widget elementor-widget-text-editor\" data-id=\"07691b9\" data-element_type=\"widget\" data-e-type=\"widget\" data-widget_type=\"text-editor.default\">\n\t\t\t\t<div class=\"elementor-widget-container\">\n\t\t\t\t\t\t\t\t\t<b>Hugo Petit<\/b>\n<br>\n59148 Flines-lez-Raches\n<br>\nhpetit96@gmail.com\t\t\t\t\t\t\t\t<\/div>\n\t\t\t\t<\/div>\n\t\t\t\t<\/div>\n\t\t<div class=\"elementor-element elementor-element-6bc7427 e-con-full e-flex e-con e-child\" data-id=\"6bc7427\" data-element_type=\"container\" data-e-type=\"container\">\n\t\t\t\t<div class=\"elementor-element elementor-element-8ef34fc elementor-widget elementor-widget-text-editor\" data-id=\"8ef34fc\" data-element_type=\"widget\" data-e-type=\"widget\" data-widget_type=\"text-editor.default\">\n\t\t\t\t<div class=\"elementor-widget-container\">\n\t\t\t\t\t\t\t\t\t<ul><li>Volailles: Gauloise Saumon Dor\u00e9e<\/li><li>Lapins: Bleu de Ham, Barbu de Gand<\/li><\/ul>\t\t\t\t\t\t\t\t<\/div>\n\t\t\t\t<\/div>\n\t\t\t\t<\/div>\n\t\t\t\t<\/div>\n\t\t<div class=\"elementor-element elementor-element-60ee4bd e-flex e-con-boxed e-con e-parent\" data-id=\"60ee4bd\" data-element_type=\"container\" data-e-type=\"container\">\n\t\t\t\t\t<div class=\"e-con-inner\">\n\t\t<div class=\"elementor-element elementor-element-df53a97 e-con-full e-flex e-con e-child\" data-id=\"df53a97\" data-element_type=\"container\" data-e-type=\"container\">\n\t\t\t\t<div class=\"elementor-element elementor-element-8895ac3 elementor-widget__width-initial elementor-widget elementor-widget-image\" data-id=\"8895ac3\" data-element_type=\"widget\" data-e-type=\"widget\" data-widget_type=\"image.default\">\n\t\t\t\t<div class=\"elementor-widget-container\">\n\t\t\t\t\t\t\t\t\t\t\t\t\t\t\t<img fetchpriority=\"high\" decoding=\"async\" width=\"320\" height=\"240\" src=\"https:\/\/avicole-pure-race.fr\/wp-content\/uploads\/2023\/10\/IMG_20231002_133225-e1696522089729.jpg\" class=\"attachment-full size-full wp-image-391\" alt=\"Bleu de Ham\" \/>\t\t\t\t\t\t\t\t\t\t\t\t\t\t\t<\/div>\n\t\t\t\t<\/div>\n\t\t\t\t<\/div>\n\t\t<div class=\"elementor-element elementor-element-df4106c e-con-full e-flex e-con e-child\" data-id=\"df4106c\" data-element_type=\"container\" data-e-type=\"container\">\n\t\t\t\t<div class=\"elementor-element elementor-element-bf16474 elementor-widget__width-initial elementor-widget elementor-widget-image\" data-id=\"bf16474\" data-element_type=\"widget\" data-e-type=\"widget\" data-widget_type=\"image.default\">\n\t\t\t\t<div class=\"elementor-widget-container\">\n\t\t\t\t\t\t\t\t\t\t\t\t\t\t\t<img decoding=\"async\" width=\"300\" height=\"225\" src=\"https:\/\/avicole-pure-race.fr\/wp-content\/uploads\/2023\/10\/IMG_20231002_133223-300x225.jpg\" class=\"attachment-medium size-medium wp-image-392\" alt=\"Barbu de Gand\" srcset=\"https:\/\/avicole-pure-race.fr\/wp-content\/uploads\/2023\/10\/IMG_20231002_133223-300x225.jpg 300w, https:\/\/avicole-pure-race.fr\/wp-content\/uploads\/2023\/10\/IMG_20231002_133223.jpg 320w\" sizes=\"(max-width: 300px) 100vw, 300px\" \/>\t\t\t\t\t\t\t\t\t\t\t\t\t\t\t<\/div>\n\t\t\t\t<\/div>\n\t\t\t\t<\/div>\n\t\t\t\t\t<\/div>\n\t\t\t\t<\/div>\n\t\t<div class=\"elementor-element elementor-element-5c08897 e-con-full e-flex e-con e-parent\" data-id=\"5c08897\" data-element_type=\"container\" data-e-type=\"container\">\n\t\t<div class=\"elementor-element elementor-element-8d675b0 e-con-full e-flex e-con e-child\" data-id=\"8d675b0\" data-element_type=\"container\" data-e-type=\"container\">\n\t\t\t\t<div class=\"elementor-element elementor-element-b5cedcc elementor-widget elementor-widget-text-editor\" data-id=\"b5cedcc\" data-element_type=\"widget\" data-e-type=\"widget\" data-widget_type=\"text-editor.default\">\n\t\t\t\t<div class=\"elementor-widget-container\">\n\t\t\t\t\t\t\t\t\t<p><b>Nathan Meunier<\/b><br \/>59176 Masny<br \/>nathan.meunier1@hotmail.com<\/p>\t\t\t\t\t\t\t\t<\/div>\n\t\t\t\t<\/div>\n\t\t\t\t<\/div>\n\t\t<div class=\"elementor-element elementor-element-4608f0f e-con-full e-flex e-con e-child\" data-id=\"4608f0f\" data-element_type=\"container\" data-e-type=\"container\">\n\t\t\t\t<div class=\"elementor-element elementor-element-7948f71 elementor-widget elementor-widget-text-editor\" data-id=\"7948f71\" data-element_type=\"widget\" data-e-type=\"widget\" data-widget_type=\"text-editor.default\">\n\t\t\t\t<div class=\"elementor-widget-container\">\n\t\t\t\t\t\t\t\t\t<ul><li>Lapins: Nain de couleur (Bleu)<\/li><\/ul>\t\t\t\t\t\t\t\t<\/div>\n\t\t\t\t<\/div>\n\t\t\t\t<\/div>\n\t\t\t\t<\/div>\n\t\t<div class=\"elementor-element elementor-element-8c33531 e-con-full e-flex e-con e-parent\" data-id=\"8c33531\" data-element_type=\"container\" data-e-type=\"container\">\n\t\t<div class=\"elementor-element elementor-element-8598474 e-con-full e-flex e-con e-child\" data-id=\"8598474\" data-element_type=\"container\" data-e-type=\"container\">\n\t\t\t\t<div class=\"elementor-element elementor-element-31dc687 elementor-widget elementor-widget-text-editor\" data-id=\"31dc687\" data-element_type=\"widget\" data-e-type=\"widget\" data-widget_type=\"text-editor.default\">\n\t\t\t\t<div class=\"elementor-widget-container\">\n\t\t\t\t\t\t\t\t\t<p><b>Corentin Meunier<\/b><br \/>59176 Masny<br \/>corentin.meunier1@hotmail.com<\/p>\t\t\t\t\t\t\t\t<\/div>\n\t\t\t\t<\/div>\n\t\t\t\t<\/div>\n\t\t<div class=\"elementor-element elementor-element-584719d e-con-full e-flex e-con e-child\" data-id=\"584719d\" data-element_type=\"container\" data-e-type=\"container\">\n\t\t\t\t<div class=\"elementor-element elementor-element-2d52ee8 elementor-widget elementor-widget-text-editor\" data-id=\"2d52ee8\" data-element_type=\"widget\" data-e-type=\"widget\" data-widget_type=\"text-editor.default\">\n\t\t\t\t<div class=\"elementor-widget-container\">\n\t\t\t\t\t\t\t\t\t<ul><li>Lapins: Nain de couleur (Chinchilla)<\/li><\/ul>\t\t\t\t\t\t\t\t<\/div>\n\t\t\t\t<\/div>\n\t\t\t\t<\/div>\n\t\t\t\t<\/div>\n\t\t<div class=\"elementor-element elementor-element-b6481bd e-con-full e-flex e-con e-parent\" data-id=\"b6481bd\" data-element_type=\"container\" data-e-type=\"container\">\n\t\t<div class=\"elementor-element elementor-element-c827344 e-con-full e-flex e-con e-child\" data-id=\"c827344\" data-element_type=\"container\" data-e-type=\"container\">\n\t\t\t\t<div class=\"elementor-element elementor-element-d769a75 elementor-widget elementor-widget-text-editor\" data-id=\"d769a75\" data-element_type=\"widget\" data-e-type=\"widget\" data-widget_type=\"text-editor.default\">\n\t\t\t\t<div class=\"elementor-widget-container\">\n\t\t\t\t\t\t\t\t\t<p><strong>Fran\u00e7is Zawadzki<\/strong><br \/>59220 Denain<\/p>\t\t\t\t\t\t\t\t<\/div>\n\t\t\t\t<\/div>\n\t\t\t\t<\/div>\n\t\t<div class=\"elementor-element elementor-element-a543cf7 e-con-full e-flex e-con e-child\" data-id=\"a543cf7\" data-element_type=\"container\" data-e-type=\"container\">\n\t\t\t\t<div class=\"elementor-element elementor-element-5cf70a5 elementor-widget elementor-widget-text-editor\" data-id=\"5cf70a5\" data-element_type=\"widget\" data-e-type=\"widget\" data-widget_type=\"text-editor.default\">\n\t\t\t\t<div class=\"elementor-widget-container\">\n\t\t\t\t\t\t\t\t\t<ul><li>Pigeons: Smerle des Flandres, Cravat\u00e9 Fran\u00e7ais, Cravat\u00e9 Li\u00e9geois, Cravat\u00e9 Gantois<\/li><\/ul>\t\t\t\t\t\t\t\t<\/div>\n\t\t\t\t<\/div>\n\t\t\t\t<\/div>\n\t\t\t\t<\/div>\n\t\t<div class=\"elementor-element elementor-element-ecf2821 e-con-full e-flex e-con e-parent\" data-id=\"ecf2821\" data-element_type=\"container\" data-e-type=\"container\">\n\t\t<div class=\"elementor-element elementor-element-cf8b7d5 e-con-full e-flex e-con e-child\" data-id=\"cf8b7d5\" data-element_type=\"container\" data-e-type=\"container\">\n\t\t\t\t<div class=\"elementor-element elementor-element-c57d7fc elementor-widget elementor-widget-text-editor\" data-id=\"c57d7fc\" data-element_type=\"widget\" data-e-type=\"widget\" data-widget_type=\"text-editor.default\">\n\t\t\t\t<div class=\"elementor-widget-container\">\n\t\t\t\t\t\t\t\t\t<p><strong>Marie-Paule Zawadzki<\/strong><br \/>59220 Denain<\/p>\t\t\t\t\t\t\t\t<\/div>\n\t\t\t\t<\/div>\n\t\t\t\t<\/div>\n\t\t<div class=\"elementor-element elementor-element-f90f43e e-con-full e-flex e-con e-child\" data-id=\"f90f43e\" data-element_type=\"container\" data-e-type=\"container\">\n\t\t\t\t<div class=\"elementor-element elementor-element-18e9144 elementor-widget elementor-widget-text-editor\" data-id=\"18e9144\" data-element_type=\"widget\" data-e-type=\"widget\" data-widget_type=\"text-editor.default\">\n\t\t\t\t<div class=\"elementor-widget-container\">\n\t\t\t\t\t\t\t\t\t<ul><li>Lapins: Feh de Marbourg, Sabl\u00e9 des Vosges<\/li><\/ul>\t\t\t\t\t\t\t\t<\/div>\n\t\t\t\t<\/div>\n\t\t\t\t<\/div>\n\t\t\t\t<\/div>\n\t\t<div class=\"elementor-element elementor-element-de5c2d8 e-flex e-con-boxed e-con e-parent\" data-id=\"de5c2d8\" data-element_type=\"container\" data-e-type=\"container\">\n\t\t\t\t\t<div class=\"e-con-inner\">\n\t\t\t\t<div class=\"elementor-element elementor-element-b00ded1 elementor-widget-divider--view-line elementor-widget elementor-widget-divider\" data-id=\"b00ded1\" data-element_type=\"widget\" data-e-type=\"widget\" data-widget_type=\"divider.default\">\n\t\t\t\t<div class=\"elementor-widget-container\">\n\t\t\t\t\t\t\t<div class=\"elementor-divider\">\n\t\t\t<span class=\"elementor-divider-separator\">\n\t\t\t\t\t\t<\/span>\n\t\t<\/div>\n\t\t\t\t\t\t<\/div>\n\t\t\t\t<\/div>\n\t\t\t\t<div class=\"elementor-element elementor-element-ceae709 elementor-widget elementor-widget-text-editor\" data-id=\"ceae709\" data-element_type=\"widget\" data-e-type=\"widget\" data-widget_type=\"text-editor.default\">\n\t\t\t\t<div class=\"elementor-widget-container\">\n\t\t\t\t\t\t\t\t\t<p><span style=\"text-decoration: underline;\">Pour nos membres:<\/span> Si vous souhaitez appara\u00eetre dans la liste des \u00e9leveurs du club ou mettre \u00e0 jour vos informations, vous pouvez nous contacter par email \u00e0 <a href=\"mailto:contact@avicole-pure-race.fr\">contact@avicole-pure-race.fr<\/a> ou via <a href=\"https:\/\/avicole-pure-race.fr\/index.php\/contact\/\">la page contact<\/a><\/p><p>Information n\u00e9cessaire: Nom, Pr\u00e9nom, Code postal et ville, Email, Race \u00e9lev\u00e9e par cat\u00e9gorie comme ci-dessus, Photo (facultatif)<\/p>\t\t\t\t\t\t\t\t<\/div>\n\t\t\t\t<\/div>\n\t\t\t\t\t<\/div>\n\t\t\t\t<\/div>\n\t\t\t\t<\/div>\n\t\t","protected":false},"excerpt":{"rendered":"<p>Nos \u00e9leveurs Jean-Paul Chatelin59146 Pecquencourtpureracepecquencourt@gmail.com Volailles: Brahma, Croad Langshan Pigeons: Boulant Lillois, Boulant Brunner Hugo Petit 59148 Flines-lez-Raches hpetit96@gmail.com Volailles: Gauloise Saumon Dor\u00e9e Lapins: Bleu de Ham, Barbu de Gand Nathan Meunier59176 Masnynathan.meunier1@hotmail.com Lapins: Nain de couleur (Bleu) Corentin Meunier59176 Masnycorentin.meunier1@hotmail.com Lapins: Nain de couleur (Chinchilla) Fran\u00e7is Zawadzki59220 Denain Pigeons: Smerle des Flandres, Cravat\u00e9 Fran\u00e7ais, [&hellip;]<\/p>\n","protected":false},"author":1,"featured_media":391,"parent":0,"menu_order":0,"comment_status":"closed","ping_status":"closed","template":"","meta":{"footnotes":""},"class_list":["post-29","page","type-page","status-publish","has-post-thumbnail","hentry","entry","has-media"],"yoast_head":"<!-- This site is optimized with the Yoast SEO plugin v27.3 - https:\/\/yoast.com\/product\/yoast-seo-wordpress\/ -->\n<title>Nos \u00e9leveurs - Avicole Pure Race Pecquencourt<\/title>\n<meta name=\"description\" content=\"Liste des \u00e9leveurs Avicole Pure Race Pecquencourt: Contact de l&#039;\u00e9leveur et race des animaux (Volailles, Lapins, Pigeons)\" \/>\n<meta name=\"robots\" content=\"index, follow, max-snippet:-1, max-image-preview:large, max-video-preview:-1\" \/>\n<link rel=\"canonical\" href=\"https:\/\/avicole-pure-race.fr\/index.php\/nos-eleveurs\/\" \/>\n<meta property=\"og:locale\" content=\"fr_FR\" \/>\n<meta property=\"og:type\" content=\"article\" \/>\n<meta property=\"og:title\" content=\"Nos \u00e9leveurs - Avicole Pure Race Pecquencourt\" \/>\n<meta property=\"og:description\" content=\"Liste des \u00e9leveurs Avicole Pure Race Pecquencourt: Contact de l&#039;\u00e9leveur et race des animaux (Volailles, Lapins, Pigeons)\" \/>\n<meta property=\"og:url\" content=\"https:\/\/avicole-pure-race.fr\/index.php\/nos-eleveurs\/\" \/>\n<meta property=\"og:site_name\" content=\"Avicole Pure-Race\" \/>\n<meta property=\"article:publisher\" content=\"https:\/\/www.facebook.com\/profile.php?id=100010556016957\" \/>\n<meta property=\"article:modified_time\" content=\"2023-12-17T17:59:09+00:00\" \/>\n<meta property=\"og:image\" content=\"https:\/\/avicole-pure-race.fr\/wp-content\/uploads\/2023\/10\/IMG_20231002_133225-e1696522089729.jpg\" \/>\n\t<meta property=\"og:image:width\" content=\"320\" \/>\n\t<meta property=\"og:image:height\" content=\"240\" \/>\n\t<meta property=\"og:image:type\" content=\"image\/jpeg\" \/>\n<meta name=\"twitter:card\" content=\"summary_large_image\" \/>\n<meta name=\"twitter:label1\" content=\"Dur\u00e9e de lecture estim\u00e9e\" \/>\n\t<meta name=\"twitter:data1\" content=\"2 minutes\" \/>\n<script type=\"application\/ld+json\" class=\"yoast-schema-graph\">{\"@context\":\"https:\\\/\\\/schema.org\",\"@graph\":[{\"@type\":\"WebPage\",\"@id\":\"https:\\\/\\\/avicole-pure-race.fr\\\/index.php\\\/nos-eleveurs\\\/\",\"url\":\"https:\\\/\\\/avicole-pure-race.fr\\\/index.php\\\/nos-eleveurs\\\/\",\"name\":\"Nos \u00e9leveurs - Avicole Pure Race Pecquencourt\",\"isPartOf\":{\"@id\":\"https:\\\/\\\/avicole-pure-race.fr\\\/#website\"},\"primaryImageOfPage\":{\"@id\":\"https:\\\/\\\/avicole-pure-race.fr\\\/index.php\\\/nos-eleveurs\\\/#primaryimage\"},\"image\":{\"@id\":\"https:\\\/\\\/avicole-pure-race.fr\\\/index.php\\\/nos-eleveurs\\\/#primaryimage\"},\"thumbnailUrl\":\"https:\\\/\\\/avicole-pure-race.fr\\\/wp-content\\\/uploads\\\/2023\\\/10\\\/IMG_20231002_133225-e1696522089729.jpg\",\"datePublished\":\"2023-09-30T13:42:20+00:00\",\"dateModified\":\"2023-12-17T17:59:09+00:00\",\"description\":\"Liste des \u00e9leveurs Avicole Pure Race Pecquencourt: Contact de l'\u00e9leveur et race des animaux (Volailles, Lapins, Pigeons)\",\"breadcrumb\":{\"@id\":\"https:\\\/\\\/avicole-pure-race.fr\\\/index.php\\\/nos-eleveurs\\\/#breadcrumb\"},\"inLanguage\":\"fr-FR\",\"potentialAction\":[{\"@type\":\"ReadAction\",\"target\":[\"https:\\\/\\\/avicole-pure-race.fr\\\/index.php\\\/nos-eleveurs\\\/\"]}]},{\"@type\":\"ImageObject\",\"inLanguage\":\"fr-FR\",\"@id\":\"https:\\\/\\\/avicole-pure-race.fr\\\/index.php\\\/nos-eleveurs\\\/#primaryimage\",\"url\":\"https:\\\/\\\/avicole-pure-race.fr\\\/wp-content\\\/uploads\\\/2023\\\/10\\\/IMG_20231002_133225-e1696522089729.jpg\",\"contentUrl\":\"https:\\\/\\\/avicole-pure-race.fr\\\/wp-content\\\/uploads\\\/2023\\\/10\\\/IMG_20231002_133225-e1696522089729.jpg\",\"width\":320,\"height\":240,\"caption\":\"Bleu de Ham\"},{\"@type\":\"BreadcrumbList\",\"@id\":\"https:\\\/\\\/avicole-pure-race.fr\\\/index.php\\\/nos-eleveurs\\\/#breadcrumb\",\"itemListElement\":[{\"@type\":\"ListItem\",\"position\":1,\"name\":\"Accueil\",\"item\":\"https:\\\/\\\/avicole-pure-race.fr\\\/\"},{\"@type\":\"ListItem\",\"position\":2,\"name\":\"Nos \u00e9leveurs\"}]},{\"@type\":\"WebSite\",\"@id\":\"https:\\\/\\\/avicole-pure-race.fr\\\/#website\",\"url\":\"https:\\\/\\\/avicole-pure-race.fr\\\/\",\"name\":\"Avicole Pure Race Pecquencourt\",\"description\":\"Pecquencourt\",\"publisher\":{\"@id\":\"https:\\\/\\\/avicole-pure-race.fr\\\/#organization\"},\"alternateName\":\"Avicole Pure Race\",\"potentialAction\":[{\"@type\":\"SearchAction\",\"target\":{\"@type\":\"EntryPoint\",\"urlTemplate\":\"https:\\\/\\\/avicole-pure-race.fr\\\/?s={search_term_string}\"},\"query-input\":{\"@type\":\"PropertyValueSpecification\",\"valueRequired\":true,\"valueName\":\"search_term_string\"}}],\"inLanguage\":\"fr-FR\"},{\"@type\":\"Organization\",\"@id\":\"https:\\\/\\\/avicole-pure-race.fr\\\/#organization\",\"name\":\"Avicole Pure-Race\",\"url\":\"https:\\\/\\\/avicole-pure-race.fr\\\/\",\"logo\":{\"@type\":\"ImageObject\",\"inLanguage\":\"fr-FR\",\"@id\":\"https:\\\/\\\/avicole-pure-race.fr\\\/#\\\/schema\\\/logo\\\/image\\\/\",\"url\":\"https:\\\/\\\/avicole-pure-race.fr\\\/wp-content\\\/uploads\\\/2023\\\/10\\\/logo_avicole_pure_race_menu-e1696522552313.png\",\"contentUrl\":\"https:\\\/\\\/avicole-pure-race.fr\\\/wp-content\\\/uploads\\\/2023\\\/10\\\/logo_avicole_pure_race_menu-e1696522552313.png\",\"width\":500,\"height\":203,\"caption\":\"Avicole Pure-Race\"},\"image\":{\"@id\":\"https:\\\/\\\/avicole-pure-race.fr\\\/#\\\/schema\\\/logo\\\/image\\\/\"},\"sameAs\":[\"https:\\\/\\\/www.facebook.com\\\/profile.php?id=100010556016957\"]}]}<\/script>\n<!-- \/ Yoast SEO plugin. -->","yoast_head_json":{"title":"Nos \u00e9leveurs - Avicole Pure Race Pecquencourt","description":"Liste des \u00e9leveurs Avicole Pure Race Pecquencourt: Contact de l'\u00e9leveur et race des animaux (Volailles, Lapins, Pigeons)","robots":{"index":"index","follow":"follow","max-snippet":"max-snippet:-1","max-image-preview":"max-image-preview:large","max-video-preview":"max-video-preview:-1"},"canonical":"https:\/\/avicole-pure-race.fr\/index.php\/nos-eleveurs\/","og_locale":"fr_FR","og_type":"article","og_title":"Nos \u00e9leveurs - Avicole Pure Race Pecquencourt","og_description":"Liste des \u00e9leveurs Avicole Pure Race Pecquencourt: Contact de l'\u00e9leveur et race des animaux (Volailles, Lapins, Pigeons)","og_url":"https:\/\/avicole-pure-race.fr\/index.php\/nos-eleveurs\/","og_site_name":"Avicole Pure-Race","article_publisher":"https:\/\/www.facebook.com\/profile.php?id=100010556016957","article_modified_time":"2023-12-17T17:59:09+00:00","og_image":[{"width":320,"height":240,"url":"https:\/\/avicole-pure-race.fr\/wp-content\/uploads\/2023\/10\/IMG_20231002_133225-e1696522089729.jpg","type":"image\/jpeg"}],"twitter_card":"summary_large_image","twitter_misc":{"Dur\u00e9e de lecture estim\u00e9e":"2 minutes"},"schema":{"@context":"https:\/\/schema.org","@graph":[{"@type":"WebPage","@id":"https:\/\/avicole-pure-race.fr\/index.php\/nos-eleveurs\/","url":"https:\/\/avicole-pure-race.fr\/index.php\/nos-eleveurs\/","name":"Nos \u00e9leveurs - Avicole Pure Race Pecquencourt","isPartOf":{"@id":"https:\/\/avicole-pure-race.fr\/#website"},"primaryImageOfPage":{"@id":"https:\/\/avicole-pure-race.fr\/index.php\/nos-eleveurs\/#primaryimage"},"image":{"@id":"https:\/\/avicole-pure-race.fr\/index.php\/nos-eleveurs\/#primaryimage"},"thumbnailUrl":"https:\/\/avicole-pure-race.fr\/wp-content\/uploads\/2023\/10\/IMG_20231002_133225-e1696522089729.jpg","datePublished":"2023-09-30T13:42:20+00:00","dateModified":"2023-12-17T17:59:09+00:00","description":"Liste des \u00e9leveurs Avicole Pure Race Pecquencourt: Contact de l'\u00e9leveur et race des animaux (Volailles, Lapins, Pigeons)","breadcrumb":{"@id":"https:\/\/avicole-pure-race.fr\/index.php\/nos-eleveurs\/#breadcrumb"},"inLanguage":"fr-FR","potentialAction":[{"@type":"ReadAction","target":["https:\/\/avicole-pure-race.fr\/index.php\/nos-eleveurs\/"]}]},{"@type":"ImageObject","inLanguage":"fr-FR","@id":"https:\/\/avicole-pure-race.fr\/index.php\/nos-eleveurs\/#primaryimage","url":"https:\/\/avicole-pure-race.fr\/wp-content\/uploads\/2023\/10\/IMG_20231002_133225-e1696522089729.jpg","contentUrl":"https:\/\/avicole-pure-race.fr\/wp-content\/uploads\/2023\/10\/IMG_20231002_133225-e1696522089729.jpg","width":320,"height":240,"caption":"Bleu de Ham"},{"@type":"BreadcrumbList","@id":"https:\/\/avicole-pure-race.fr\/index.php\/nos-eleveurs\/#breadcrumb","itemListElement":[{"@type":"ListItem","position":1,"name":"Accueil","item":"https:\/\/avicole-pure-race.fr\/"},{"@type":"ListItem","position":2,"name":"Nos \u00e9leveurs"}]},{"@type":"WebSite","@id":"https:\/\/avicole-pure-race.fr\/#website","url":"https:\/\/avicole-pure-race.fr\/","name":"Avicole Pure Race Pecquencourt","description":"Pecquencourt","publisher":{"@id":"https:\/\/avicole-pure-race.fr\/#organization"},"alternateName":"Avicole Pure Race","potentialAction":[{"@type":"SearchAction","target":{"@type":"EntryPoint","urlTemplate":"https:\/\/avicole-pure-race.fr\/?s={search_term_string}"},"query-input":{"@type":"PropertyValueSpecification","valueRequired":true,"valueName":"search_term_string"}}],"inLanguage":"fr-FR"},{"@type":"Organization","@id":"https:\/\/avicole-pure-race.fr\/#organization","name":"Avicole Pure-Race","url":"https:\/\/avicole-pure-race.fr\/","logo":{"@type":"ImageObject","inLanguage":"fr-FR","@id":"https:\/\/avicole-pure-race.fr\/#\/schema\/logo\/image\/","url":"https:\/\/avicole-pure-race.fr\/wp-content\/uploads\/2023\/10\/logo_avicole_pure_race_menu-e1696522552313.png","contentUrl":"https:\/\/avicole-pure-race.fr\/wp-content\/uploads\/2023\/10\/logo_avicole_pure_race_menu-e1696522552313.png","width":500,"height":203,"caption":"Avicole Pure-Race"},"image":{"@id":"https:\/\/avicole-pure-race.fr\/#\/schema\/logo\/image\/"},"sameAs":["https:\/\/www.facebook.com\/profile.php?id=100010556016957"]}]}},"_links":{"self":[{"href":"https:\/\/avicole-pure-race.fr\/index.php\/wp-json\/wp\/v2\/pages\/29","targetHints":{"allow":["GET"]}}],"collection":[{"href":"https:\/\/avicole-pure-race.fr\/index.php\/wp-json\/wp\/v2\/pages"}],"about":[{"href":"https:\/\/avicole-pure-race.fr\/index.php\/wp-json\/wp\/v2\/types\/page"}],"author":[{"embeddable":true,"href":"https:\/\/avicole-pure-race.fr\/index.php\/wp-json\/wp\/v2\/users\/1"}],"replies":[{"embeddable":true,"href":"https:\/\/avicole-pure-race.fr\/index.php\/wp-json\/wp\/v2\/comments?post=29"}],"version-history":[{"count":53,"href":"https:\/\/avicole-pure-race.fr\/index.php\/wp-json\/wp\/v2\/pages\/29\/revisions"}],"predecessor-version":[{"id":650,"href":"https:\/\/avicole-pure-race.fr\/index.php\/wp-json\/wp\/v2\/pages\/29\/revisions\/650"}],"wp:featuredmedia":[{"embeddable":true,"href":"https:\/\/avicole-pure-race.fr\/index.php\/wp-json\/wp\/v2\/media\/391"}],"wp:attachment":[{"href":"https:\/\/avicole-pure-race.fr\/index.php\/wp-json\/wp\/v2\/media?parent=29"}],"curies":[{"name":"wp","href":"https:\/\/api.w.org\/{rel}","templated":true}]}}